{"id":57,"date":"2019-10-30T14:04:21","date_gmt":"2019-10-30T14:04:21","guid":{"rendered":"http:\/\/tonundporzellan.de\/?page_id=57"},"modified":"2019-10-31T08:49:02","modified_gmt":"2019-10-31T08:49:02","slug":"impressum","status":"publish","type":"page","link":"http:\/\/tonundporzellan.de\/?page_id=57","title":{"rendered":"Impressum"},"content":{"rendered":"\n<p> <\/p>\n\n\n\n<p>Babette Seim<\/p>\n\n\n\n<p>Angaben gem\u00e4\u00df \u00a7 5 TMG<\/p>\n\n\n\n<p>Babette Seim <br> Westender Weg 99<br> 58313 Herdecke <br>  <\/p>\n\n\n\n<p> <strong>Vertreten durch: <\/strong><br>\nBabette Seim<br>\n<\/p>\n\n\n\n<p><strong>Kontakt:<\/strong> <br>\nTelefon: 02330 -71663<br>\nE-Mail: <a href=\"mailto:info@tonundporzellan.de\">info@tonundporzellan.de<\/a><br><\/p>\n\n\n\n<p><strong>Haftungsausschluss: <\/strong><br><br><strong>Haftung f\u00fcr Inhalte<\/strong><br><br>\nDie Inhalte unserer Seiten wurden mit gr\u00f6\u00dfter Sorgfalt erstellt. F\u00fcr die\n Richtigkeit, Vollst\u00e4ndigkeit und Aktualit\u00e4t der Inhalte k\u00f6nnen wir \njedoch keine Gew\u00e4hr \u00fcbernehmen. Als Diensteanbieter sind wir gem\u00e4\u00df \u00a7 7 \nAbs.1 TMG f\u00fcr eigene Inhalte auf diesen Seiten nach den allgemeinen \nGesetzen verantwortlich. Nach \u00a7\u00a7 8 bis 10 TMG sind wir als \nDiensteanbieter jedoch nicht verpflichtet, \u00fcbermittelte oder \ngespeicherte fremde Informationen zu \u00fcberwachen oder nach Umst\u00e4nden zu \nforschen, die auf eine rechtswidrige T\u00e4tigkeit hinweisen. \nVerpflichtungen zur Entfernung oder Sperrung der Nutzung von \nInformationen nach den allgemeinen Gesetzen bleiben hiervon unber\u00fchrt. \nEine diesbez\u00fcgliche Haftung ist jedoch erst ab dem Zeitpunkt der \nKenntnis einer konkreten Rechtsverletzung m\u00f6glich. Bei Bekanntwerden von\n entsprechenden Rechtsverletzungen werden wir diese Inhalte umgehend \nentfernen.<br><br><strong>Haftung f\u00fcr Links<\/strong><br><br>\nUnser Angebot enth\u00e4lt Links zu externen Webseiten Dritter, auf deren \nInhalte wir keinen Einfluss haben. Deshalb k\u00f6nnen wir f\u00fcr diese fremden \nInhalte auch keine Gew\u00e4hr \u00fcbernehmen. F\u00fcr die Inhalte der verlinkten \nSeiten ist stets der jeweilige Anbieter oder Betreiber der Seiten \nverantwortlich. Die verlinkten Seiten wurden zum Zeitpunkt der \nVerlinkung auf m\u00f6gliche Rechtsverst\u00f6\u00dfe \u00fcberpr\u00fcft. Rechtswidrige Inhalte \nwaren zum Zeitpunkt der Verlinkung nicht erkennbar. Eine permanente \ninhaltliche Kontrolle der verlinkten Seiten ist jedoch ohne konkrete \nAnhaltspunkte einer Rechtsverletzung nicht zumutbar. Bei Bekanntwerden \nvon Rechtsverletzungen werden wir derartige Links umgehend entfernen.<br><br><strong>Urheberrecht<\/strong><br><br>\nDie durch die Seitenbetreiber erstellten Inhalte und Werke auf diesen \nSeiten unterliegen dem deutschen Urheberrecht. Die Vervielf\u00e4ltigung, \nBearbeitung, Verbreitung und jede Art der Verwertung au\u00dferhalb der \nGrenzen des Urheberrechtes bed\u00fcrfen der schriftlichen Zustimmung des \njeweiligen Autors bzw. Erstellers. Downloads und Kopien dieser Seite \nsind nur f\u00fcr den privaten, nicht kommerziellen Gebrauch gestattet. \nSoweit die Inhalte auf dieser Seite nicht vom Betreiber erstellt wurden,\n werden die Urheberrechte Dritter beachtet. Insbesondere werden Inhalte \nDritter als solche gekennzeichnet. Sollten Sie trotzdem auf eine \nUrheberrechtsverletzung aufmerksam werden, bitten wir um einen \nentsprechenden Hinweis. Bei Bekanntwerden von Rechtsverletzungen werden \nwir derartige Inhalte umgehend entfernen.<br><br><strong>Datenschutz<\/strong><br><br>\nDie Nutzung unserer Webseite ist in der Regel ohne Angabe \npersonenbezogener Daten m\u00f6glich. Soweit auf unseren Seiten \npersonenbezogene Daten (beispielsweise Name, Anschrift oder \neMail-Adressen) erhoben werden, erfolgt dies, soweit m\u00f6glich, stets auf \nfreiwilliger Basis. Diese Daten werden ohne Ihre ausdr\u00fcckliche \nZustimmung nicht an Dritte weitergegeben. <br>\nWir weisen darauf hin, dass die Daten\u00fcbertragung im Internet (z.B. bei \nder Kommunikation per E-Mail) Sicherheitsl\u00fccken aufweisen kann. Ein \nl\u00fcckenloser Schutz der Daten vor dem Zugriff durch Dritte ist nicht \nm\u00f6glich. <br>\nDer Nutzung von im Rahmen der Impressumspflicht ver\u00f6ffentlichten \nKontaktdaten durch Dritte zur \u00dcbersendung von nicht ausdr\u00fccklich \nangeforderter Werbung und Informationsmaterialien wird hiermit \nausdr\u00fccklich widersprochen. Die Betreiber der Seiten behalten sich \nausdr\u00fccklich rechtliche Schritte im Falle der unverlangten Zusendung von\n Werbeinformationen, etwa durch Spam-Mails, vor.<br>\n<br><br><strong>Google Analytics<\/strong><br><br>\nDiese Website benutzt Google Analytics, einen Webanalysedienst der \nGoogle Inc. (&#8220;Google&#8220;). Google Analytics verwendet sog. &#8220;Cookies&#8220;, \nTextdateien, die auf Ihrem Computer gespeichert werden und die eine \nAnalyse der Benutzung der Website durch Sie erm\u00f6glicht. Die durch den \nCookie erzeugten Informationen \u00fcber Ihre Benutzung dieser Website \n(einschlie\u00dflich Ihrer IP-Adresse) wird an einen Server von Google in den\n USA \u00fcbertragen und dort gespeichert. Google wird diese Informationen \nbenutzen, um Ihre Nutzung der Website auszuwerten, um Reports \u00fcber die \nWebsiteaktivit\u00e4ten f\u00fcr die Websitebetreiber zusammenzustellen und um \nweitere mit der Websitenutzung und der Internetnutzung verbundene \nDienstleistungen zu erbringen. Auch wird Google diese Informationen \ngegebenenfalls an Dritte \u00fcbertragen, sofern dies gesetzlich \nvorgeschrieben oder soweit Dritte diese Daten im Auftrag von Google \nverarbeiten. Google wird in keinem Fall Ihre IP-Adresse mit anderen \nDaten der Google in Verbindung bringen. Sie k\u00f6nnen die Installation der \nCookies durch eine entsprechende Einstellung Ihrer Browser Software \nverhindern; wir weisen Sie jedoch darauf hin, dass Sie in diesem Fall \ngegebenenfalls nicht s\u00e4mtliche Funktionen dieser Website voll umf\u00e4nglich\n nutzen k\u00f6nnen. Durch die Nutzung dieser Website erkl\u00e4ren Sie sich mit \nder Bearbeitung der \u00fcber Sie erhobenen Daten durch Google in der zuvor \nbeschriebenen Art und Weise und zu dem zuvor benannten Zweck \neinverstanden.<br><br><strong>Google AdSense<\/strong><br><br>\nDiese Website benutzt Google Adsense, einen Webanzeigendienst der Google\n Inc., USA (&#8220;Google&#8220;). Google Adsense verwendet sog. &#8220;Cookies&#8220; \n(Textdateien), die auf Ihrem Computer gespeichert werden und die eine \nAnalyse der Benutzung der Website durch Sie erm\u00f6glicht. Google Adsense \nverwendet auch sog. &#8220;Web Beacons&#8220; (kleine unsichtbare Grafiken) zur \nSammlung von Informationen. Durch die Verwendung des Web Beacons k\u00f6nnen \neinfache Aktionen wie der Besucherverkehr auf der Webseite aufgezeichnet\n und gesammelt werden. Die durch den Cookie und\/oder Web Beacon \nerzeugten Informationen \u00fcber Ihre Benutzung dieser Website \n(einschlie\u00dflich Ihrer IP-Adresse) werden an einen Server von Google in \nden USA \u00fcbertragen und dort gespeichert. Google wird diese Informationen\n benutzen, um Ihre Nutzung der Website im Hinblick auf die Anzeigen \nauszuwerten, um Reports \u00fcber die Websiteaktivit\u00e4ten und Anzeigen f\u00fcr die\n Websitebetreiber zusammenzustellen und um weitere mit der \nWebsitenutzung und der Internetnutzung verbundene Dienstleistungen zu \nerbringen. Auch wird Google diese Informationen gegebenenfalls an Dritte\n \u00fcbertragen, sofern dies gesetzlich vorgeschrieben oder soweit Dritte \ndiese Daten im Auftrag von Google verarbeiten. Google wird in keinem \nFall Ihre IP-Adresse mit anderen Daten der Google in Verbindung bringen.\n Das Speichern von Cookies auf Ihrer Festplatte und die Anzeige von Web \nBeacons k\u00f6nnen Sie verhindern, indem Sie in Ihren Browser-Einstellungen \n&#8220;keine Cookies akzeptieren&#8220; w\u00e4hlen (Im MS Internet-Explorer unter \n&#8220;Extras &gt; Internetoptionen &gt; Datenschutz &gt; Einstellung&#8220;; im \nFirefox unter &#8220;Extras &gt; Einstellungen &gt; Datenschutz &gt; \nCookies&#8220;); wir weisen Sie jedoch darauf hin, dass Sie in diesem Fall \ngegebenenfalls nicht s\u00e4mtliche Funktionen dieser Website voll umf\u00e4nglich\n nutzen k\u00f6nnen. Durch die Nutzung dieser Website erkl\u00e4ren Sie sich mit \nder Bearbeitung der \u00fcber Sie erhobenen Daten durch Google in der zuvor \nbeschriebenen Art und Weise und zu dem zuvor benannten Zweck \neinverstanden.<br> \nImpressum vom <a href=\"https:\/\/www.impressum-generator.de\">Impressum Generator<\/a> der <a href=\"https:\/\/www.kanzlei-hasselbach.de\/standorte\/bonn\/\">Kanzlei Hasselbach, Bonn<\/a><\/p>\n\n\n\n<p>Westender Weg 99<\/p>\n\n\n\n<p>D-58313 Herdecke<\/p>\n\n\n\n<p>Telefon: +49 2330\/71663<\/p>\n\n\n\n<p>E-Mail: <a href=\"mailto:foto@blendenblitz.de\">i<\/a>nfo@tonundporzellan.de<\/p>\n\n\n\n<p><strong>Disclaimer \u2013 rechtliche Hinweise<\/strong><\/p>\n\n\n\n<ul><li>1 Warnhinweis zu Inhalten<\/li><\/ul>\n\n\n\n<p>Die kostenlosen und frei zug\u00e4nglichen Inhalte dieser Webseite wurden \nmit gr\u00f6\u00dftm\u00f6glicher Sorgfalt erstellt. Der Anbieter dieser Webseite \n\u00fcbernimmt jedoch keine Gew\u00e4hr f\u00fcr die Richtigkeit und Aktualit\u00e4t der \nbereitgestellten kostenlosen und frei zug\u00e4nglichen journalistischen \nRatgeber und Nachrichten. Namentlich gekennzeichnete Beitr\u00e4ge geben die \nMeinung des jeweiligen Autors und nicht immer die Meinung des Anbieters \nwieder. Allein durch den Aufruf der kostenlosen und frei zug\u00e4nglichen \nInhalte kommt keinerlei Vertragsverh\u00e4ltnis zwischen dem Nutzer und dem \nAnbieter zustande, insoweit fehlt es am Rechtsbindungswillen des \nAnbieters.<\/p>\n\n\n\n<ul><li>2 Externe Links<\/li><\/ul>\n\n\n\n<p>Diese Website enth\u00e4lt Verkn\u00fcpfungen zu Websites Dritter (\u201eexterne \nLinks\u201c). Diese Websites unterliegen der Haftung der jeweiligen \nBetreiber. Der Anbieter hat bei der erstmaligen Verkn\u00fcpfung der externen\n Links die fremden Inhalte daraufhin \u00fcberpr\u00fcft, ob etwaige \nRechtsverst\u00f6\u00dfe bestehen. Zu dem Zeitpunkt waren keine Rechtsverst\u00f6\u00dfe \nersichtlich. Der Anbieter hat keinerlei Einfluss auf die aktuelle und \nzuk\u00fcnftige Gestaltung und auf die Inhalte der verkn\u00fcpften Seiten. Das \nSetzen von externen Links bedeutet nicht, dass sich der Anbieter die \nhinter dem Verweis oder Link liegenden Inhalte zu Eigen macht. Eine \nst\u00e4ndige Kontrolle der externen Links ist f\u00fcr den Anbieter ohne konkrete\n Hinweise auf Rechtsverst\u00f6\u00dfe nicht zumutbar. Bei Kenntnis von \nRechtsverst\u00f6\u00dfen werden jedoch derartige externe Links unverz\u00fcglich \ngel\u00f6scht.<\/p>\n\n\n\n<ul><li>3 Urheber- und Leistungsschutzrechte<\/li><\/ul>\n\n\n\n<p>Die auf dieser Website ver\u00f6ffentlichten Inhalte unterliegen dem \ndeutschen Urheber- und Leistungsschutzrecht. Jede vom deutschen Urheber-\n und Leistungsschutzrecht nicht zugelassene Verwertung bedarf der \nvorherigen schriftlichen Zustimmung des Anbieters oder jeweiligen \nRechteinhabers. Dies gilt insbesondere f\u00fcr Vervielf\u00e4ltigung, \nBearbeitung, \u00dcbersetzung, Einspeicherung, Verarbeitung bzw. Wiedergabe \nvon Inhalten in Datenbanken oder anderen elektronischen Medien und \nSystemen. Inhalte und Rechte Dritter sind dabei als solche \ngekennzeichnet. Die unerlaubte Vervielf\u00e4ltigung oder Weitergabe \neinzelner Inhalte oder kompletter Seiten ist nicht gestattet und \nstrafbar. Lediglich die Herstellung von Kopien und Downloads f\u00fcr den \npers\u00f6nlichen, privaten und nicht kommerziellen Gebrauch ist erlaubt.<\/p>\n\n\n\n<p>Die Darstellung dieser Website in fremden Frames ist nur mit schriftlicher Erlaubnis zul\u00e4ssig.<\/p>\n\n\n\n<ul><li>4 Besondere Nutzungsbedingungen<\/li><\/ul>\n\n\n\n<p>Soweit besondere Bedingungen f\u00fcr einzelne Nutzungen dieser Website \nvon den vorgenannten Paragraphen abweichen, wird an entsprechender \nStelle ausdr\u00fccklich darauf hingewiesen. In diesem Falle gelten im \njeweiligen Einzelfall die besonderen Nutzungsbedingungen.<\/p>\n\n\n\n<p>Quelle: <a href=\"http:\/\/www.juraforum.de\/impressum-generator\/\">Juraforum Impressum Generator<\/a><\/p>\n\n\n\n<p><strong>Datenschutz<\/strong><\/p>\n\n\n\n<p>Nachfolgend m\u00f6chten wir Sie \u00fcber unsere Datenschutzerkl\u00e4rung \ninformieren. Sie finden hier Informationen \u00fcber die Erhebung und \nVerwendung pers\u00f6nlicher Daten bei der Nutzung unserer Webseite. Wir \nbeachten dabei das f\u00fcr Deutschland geltende Datenschutzrecht. Sie k\u00f6nnen\n diese Erkl\u00e4rung jederzeit auf unserer Webseite abrufen.<\/p>\n\n\n\n<p>Wir weisen ausdr\u00fccklich darauf hin, dass die Daten\u00fcbertragung im \nInternet (z.B. bei der Kommunikation per E-Mail) Sicherheitsl\u00fccken \naufweisen und nicht l\u00fcckenlos vor dem Zugriff durch Dritte gesch\u00fctzt \nwerden kann.<\/p>\n\n\n\n<p>Die Verwendung der Kontaktdaten unseres Impressums zur gewerblichen \nWerbung ist ausdr\u00fccklich nicht erw\u00fcnscht, es sei denn wir hatten zuvor \nunsere schriftliche Einwilligung erteilt oder es besteht bereits eine \nGesch\u00e4ftsbeziehung. Der Anbieter und alle auf dieser Website genannten \nPersonen widersprechen hiermit jeder kommerziellen Verwendung und \nWeitergabe ihrer Daten.<\/p>\n\n\n\n<p><strong>Personenbezogene Daten<\/strong><\/p>\n\n\n\n<p>Sie k\u00f6nnen unsere Webseite ohne Angabe personenbezogener Daten \nbesuchen. Soweit auf unseren Seiten personenbezogene Daten (wie Name, \nAnschrift oder E-Mail Adresse) erhoben werden, erfolgt dies, soweit \nm\u00f6glich, auf freiwilliger Basis. Diese Daten werden ohne Ihre \nausdr\u00fcckliche Zustimmung nicht an Dritte weitergegeben. Sofern zwischen \nIhnen und uns ein Vertragsverh\u00e4ltnis begr\u00fcndet, inhaltlich ausgestaltet \noder ge\u00e4ndert werden soll oder Sie an uns eine Anfrage stellen, erheben \nund verwenden wir personenbezogene Daten von Ihnen, soweit dies zu \ndiesen Zwecken erforderlich ist (Bestandsdaten). Wir erheben, \nverarbeiten und nutzen personenbezogene Daten soweit dies erforderlich \nist, um Ihnen die Inanspruchnahme des Webangebots zu erm\u00f6glichen \n(Nutzungsdaten). S\u00e4mtliche personenbezogenen Daten werden nur solange \ngespeichert wie dies f\u00fcr den genannten Zweck (Bearbeitung Ihrer Anfrage \noder Abwicklung eines Vertrags) erforderlich ist. Hierbei werden steuer-\n und handelsrechtliche Aufbewahrungsfristen ber\u00fccksichtigt. Auf \nAnordnung der zust\u00e4ndigen Stellen d\u00fcrfen wir im Einzelfall Auskunft \u00fcber\n diese Daten (Bestandsdaten) erteilen, soweit dies f\u00fcr Zwecke der \nStrafverfolgung, zur Gefahrenabwehr, zur Erf\u00fcllung der gesetzlichen \nAufgaben der Verfassungsschutzbeh\u00f6rden oder des Milit\u00e4rischen \nAbschirmdienstes oder zur Durchsetzung der Rechte am geistigen Eigentum \nerforderlich ist.<\/p>\n\n\n\n<p><strong>Kommentarfunktionen<\/strong><\/p>\n\n\n\n<p>Im Rahmen der Kommentarfunktion erheben wir personenbezogene Daten \n(z.B. Name, E-Mail) im Rahmen Ihrer Kommentierung zu einem Beitrag nur \nin dem Umfang wie Sie ihn uns mitgeteilt haben. Bei der Ver\u00f6ffentlichung\n eines Kommentars wird die von Ihnen angegebene Email-Adresse \ngespeichert, aber nicht ver\u00f6ffentlicht. Ihr Name wird ver\u00f6ffentlicht, \nwenn Sie nicht unter Pseudonym geschrieben haben.<\/p>\n\n\n\n<p><strong>Datenschutzerkl\u00e4rung f\u00fcr das Facebook-Plugin (\u201eGef\u00e4llt mir\u201c)<\/strong><\/p>\n\n\n\n<p>Diese Webseite nutzt Plugins des Anbieters Facebook.com, welche durch\n das Unternehmen Facebook Inc., 1601 S. California Avenue, Palo Alto, CA\n 94304 in den USA bereitgestellt werden. Nutzer unserer Webseite, auf \nder das Facebook-Plugin (\u201eGef\u00e4llt mir\u201c-Button) installiert ist, werden \nhiermit darauf hingewiesen, dass durch das Plugin eine Verbindung zu \nFacebook aufgebaut wird, wodurch eine \u00dcbermittlung an Ihren Browser \ndurchgef\u00fchrt wird, damit das Plugin auf der Webseite erscheint.<\/p>\n\n\n\n<p>Des Weiteren werden durch die Nutzung Daten an die Facebook-Server \nweitergeleitet, welche Informationen \u00fcber Ihre Webseitenbesuche auf \nunserer Homepage enthalten. Dies hat f\u00fcr eingeloggte Facebook-Nutzer zur\n Folge, dass die Nutzungsdaten Ihrem pers\u00f6nlichen Facebook-Account \nzugeordnet werden.<\/p>\n\n\n\n<p>Sobald Sie als eingeloggter Facebook-Nutzer aktiv das Facebook-Plugin\n nutzen (z.B. durch das Klicken auf den \u201eGef\u00e4llt mir\u201c Knopf oder die \nNutzung der Kommentarfunktion), werden diese Daten zu Ihrem \nFacebook-Account \u00fcbertragen und ver\u00f6ffentlicht. Dies k\u00f6nnen Sie nur \ndurch vorheriges Ausloggen aus Ihrem Facebook-Account umgehen.<\/p>\n\n\n\n<p>Weitere Information bez\u00fcglich der Datennutzung durch Facebook \nentnehmen Sie bitte den datenschutzrechtlichen Bestimmungen auf Facebook\n unter <a href=\"http:\/\/de-de.facebook.com\/policy.php\">http:\/\/de-de.facebook.com\/policy.php<\/a>.<\/p>\n\n\n\n<p><strong>Datenschutzerkl\u00e4rung f\u00fcr die XING-Empfehlungsfunktion<\/strong><\/p>\n\n\n\n<p>Im Rahmen der Kommentarfunktion erDiese Webseite verwendet Funktionen\n der XING AG, Dammtorstra\u00dfe 29-32, 20354 Hamburg, Deutschland. Bei jedem\n Aufruf unserer Webseite, die mit einer solchen Funktion ausgestattet \nist, veranlasst diese, dass der von Ihnen verwendete Browser eine \nVerbindung zu Servern von XING herstellt. Personenbezogene Daten \u00fcber \nden Aufruf unserer Webseite werden nach unserer Kenntnis dabei nicht \ngespeichert. XING speichert auch keine IP-Adressen und eine Auswertung \ndes Nutzungsverhaltens \u00fcber die Verwendung von Cookies im Zusammenhang \nmit dem \u201cXING Share-Button\u201d findet ebenfalls nicht statt. Weitere \nInformationen zum Datenschutz beim \u201eXING Share-Button\u201c finden Sie unter:\n <a href=\"https:\/\/www.xing.com\/app\/share?op=data_protection\">https:\/\/www.xing.com\/app\/share?op=data_protection<\/a><\/p>\n\n\n\n<p><strong>Auskunftsrecht<\/strong><\/p>\n\n\n\n<p>Sie haben das jederzeitige Recht, sich unentgeltlich und unverz\u00fcglich\n \u00fcber die zu Ihrer Person erhobenen Daten zu erkundigen. Sie haben das \njederzeitige Recht, Ihre Zustimmung zur Verwendung Ihrer angegeben \npers\u00f6nlichen Daten mit Wirkung f\u00fcr die Zukunft zu widerrufen. Zur \nAuskunftserteilung wenden Sie sich bitte an den Anbieter unter den \nKontaktdaten im Impressum.<\/p>\n\n\n\n<p>Quelle: <a href=\"http:\/\/www.juraforum.de\/\">www.juraforum.de<\/a><\/p>\n","protected":false},"excerpt":{"rendered":"<p>Babette Seim Angaben gem\u00e4\u00df \u00a7 5 TMG Babette Seim Westender Weg 99 58313 Herdecke Vertreten durch: Babette Seim Kontakt: Telefon: 02330 -71663 E-Mail: info@tonundporzellan.de Haftungsausschluss: Haftung f\u00fcr Inhalte Die Inhalte unserer Seiten wurden mit gr\u00f6\u00dfter Sorgfalt erstellt. F\u00fcr die Richtigkeit, Vollst\u00e4ndigkeit und Aktualit\u00e4t der Inhalte k\u00f6nnen wir jedoch keine Gew\u00e4hr \u00fcbernehmen. Als Diensteanbieter sind wir &hellip; <\/p>\n<p class=\"link-more\"><a href=\"http:\/\/tonundporzellan.de\/?page_id=57\" class=\"more-link\"><span class=\"screen-reader-text\">\u201eImpressum\u201c<\/span> weiterlesen<\/a><\/p>\n","protected":false},"author":1,"featured_media":0,"parent":0,"menu_order":0,"comment_status":"closed","ping_status":"closed","template":"","meta":[],"_links":{"self":[{"href":"http:\/\/tonundporzellan.de\/index.php?rest_route=\/wp\/v2\/pages\/57"}],"collection":[{"href":"http:\/\/tonundporzellan.de\/index.php?rest_route=\/wp\/v2\/pages"}],"about":[{"href":"http:\/\/tonundporzellan.de\/index.php?rest_route=\/wp\/v2\/types\/page"}],"author":[{"embeddable":true,"href":"http:\/\/tonundporzellan.de\/index.php?rest_route=\/wp\/v2\/users\/1"}],"replies":[{"embeddable":true,"href":"http:\/\/tonundporzellan.de\/index.php?rest_route=%2Fwp%2Fv2%2Fcomments&post=57"}],"version-history":[{"count":4,"href":"http:\/\/tonundporzellan.de\/index.php?rest_route=\/wp\/v2\/pages\/57\/revisions"}],"predecessor-version":[{"id":111,"href":"http:\/\/tonundporzellan.de\/index.php?rest_route=\/wp\/v2\/pages\/57\/revisions\/111"}],"wp:attachment":[{"href":"http:\/\/tonundporzellan.de\/index.php?rest_route=%2Fwp%2Fv2%2Fmedia&parent=57"}],"curies":[{"name":"wp","href":"https:\/\/api.w.org\/{rel}","templated":true}]}}